{"id":9779,"date":"2024-09-08T23:26:08","date_gmt":"2024-09-08T23:26:08","guid":{"rendered":"https:\/\/travelshelper.com\/staging\/?page_id=9779"},"modified":"2026-03-13T23:07:55","modified_gmt":"2026-03-13T23:07:55","slug":"honiara","status":"publish","type":"page","link":"https:\/\/travelshelper.com\/hu\/destinations\/australia-and-oceania\/solomon-islands\/honiara\/","title":{"rendered":"Honiara"},"content":{"rendered":"<p>Honiara, a Salamon-szigetek ny\u00fczsg\u0151 f\u0151v\u00e1rosa Guadalcanal \u00e9szaki partj\u00e1n tal\u00e1lhat\u00f3. A Salamon-szigetek f\u0151v\u00e1rosa, Honiara, gazdag m\u00faltj\u00e1r\u00f3l \u00e9s v\u00e1ltozatos kult\u00far\u00e1j\u00e1r\u00f3l ismert. A lakoss\u00e1g sz\u00e1ma jelenleg 92 344 f\u0151. Ez a pezsg\u0151 v\u00e1ros a t\u00f6rt\u00e9nelmi \u00e9rt\u00e9k \u00e9s a modern terjeszked\u00e9s egyed\u00fcl\u00e1ll\u00f3 kever\u00e9ke.<\/p>\n<p>A Kukum aut\u00f3p\u00e1lya ment\u00e9n strat\u00e9giai helyen fekv\u0151 Honiara k\u00f6nnyen megk\u00f6zel\u00edthet\u0151 rep\u00fcl\u0151vel \u00e9s haj\u00f3val. A Honiara Nemzetk\u00f6zi Rep\u00fcl\u0151t\u00e9r \u00e9s a Point Cruz tengeri kik\u00f6t\u0151 fontos belf\u00f6ldi \u00e9s nemzetk\u00f6zi k\u00f6zleked\u00e9si csom\u00f3pontjai, amelyek lehet\u0151v\u00e9 teszik az emberek \u00e9s az \u00e1ruk \u00e1raml\u00e1s\u00e1t. A v\u00e1ros, amely 1983-ban f\u0151v\u00e1rosi rangot kapott, 22 n\u00e9gyzetkilom\u00e9teres nagyv\u00e1rosi ter\u00fclettel b\u00fcszk\u00e9lkedhet. Ma Honiara Guadalcanal tartom\u00e1ny f\u0151v\u00e1rosa, \u00e9s tartom\u00e1nyi auton\u00f3mi\u00e1val rendelkezik.<\/p>\n<p>A jelent\u0151s t\u00f6rt\u00e9nelmi esem\u00e9nyek \u2013 k\u00fcl\u00f6n\u00f6sen a m\u00e1sodik vil\u00e1gh\u00e1bor\u00fa \u2013 visszaford\u00edthatatlanul form\u00e1lt\u00e1k Honiara t\u00f6rt\u00e9nelm\u00e9t. A guadalcanali hadj\u00e1rat, k\u00fcl\u00f6n\u00f6sen az 1942-es hendersoni csata sor\u00e1n a v\u00e1ros keleti rep\u00fcl\u0151tere l\u00e9tfontoss\u00e1g\u00fa helysz\u00edn volt. Amerikai \u00e9s jap\u00e1n csapatok is r\u00e9szt vettek ebben a k\u00fczdelemben, az el\u0151bbi gy\u0151z\u00f6tt. Ez a gy\u0151zelem fordul\u00f3pontk\u00e9nt szolg\u00e1lt, amely v\u00e9g\u00fcl a sz\u00f6vets\u00e9gesek gy\u0151zelm\u00e9hez vezetett, \u00e9s kulcsfontoss\u00e1g\u00fa volt a h\u00e1bor\u00fa csendes-\u00f3ce\u00e1ni t\u00e9rs\u00e9g\u00e9ben.<\/p>\n<p>A h\u00e1bor\u00fa ut\u00e1n Honiara szerepe megv\u00e1ltozott, amikor 1952-ben a Brit Salamon-szigetek Protektor\u00e1tus\u00e1nak \u00faj k\u00f6zigazgat\u00e1si sz\u00e9khelye lett. Sz\u00e1mos korm\u00e1nyzati \u00e9p\u00fclet \u00e9p\u00edt\u00e9se al\u00e1h\u00fazta ezt a v\u00e1ltoz\u00e1st, \u00e9s felgyors\u00edtotta a n\u00e9pess\u00e9gn\u00f6veked\u00e9st \u00e9s az \u00f6nkorm\u00e1nyzati fejl\u0151d\u00e9st.<\/p>\n<p>Honiara a terjeszked\u00e9se ellen\u00e9re sz\u00e1mos kih\u00edv\u00e1ssal n\u00e9zett szembe, bele\u00e9rtve a politikai nyugtalans\u00e1got \u00e9s az etnikai er\u0151szakot. A 2000-es \u00e9vek eleje \u00e9s az 1990-es \u00e9vek v\u00e9ge n\u00e9mileg viharos volt. A malaita etnikaiakat \u00e9s a guadalcanali lakosokat felv\u00e1ltva k\u00e9pvisel\u0151 Malaita Eagle Force (MEF) \u00e9s Isatabu Freedom Movement (IFM) hal\u00e1los csat\u00e1kat v\u00edvott a 2000. j\u00faniusi puccsk\u00eds\u00e9rletet k\u00f6vet\u0151en. B\u00e1r 2000 okt\u00f3ber\u00e9ben b\u00e9kemeg\u00e1llapod\u00e1s sz\u00fcletett, 2002 m\u00e1rcius\u00e1ban \u00fajabb er\u0151szak t\u00f6rt ki, k\u00e9t \u00faj-z\u00e9landi diplomata \u00e9s sok m\u00e1s szem\u00e9ly hal\u00e1l\u00e1t okozva.<\/p>\n<p>A helyzet 2003 j\u00falius\u00e1ra sokkal rosszabbra fordult, ez\u00e9rt a Salamon-szigetek korm\u00e1nya felk\u00e9rte a Salamon-szigeteki Region\u00e1lis Seg\u00edts\u00e9gny\u00fajt\u00f3 Misszi\u00f3t (RAMSI), hogy seg\u00edtsen a b\u00e9ke helyre\u00e1ll\u00edt\u00e1s\u00e1ban. Ez a misszi\u00f3, amelyben sz\u00e1mos csendes-\u00f3ce\u00e1ni orsz\u00e1g \u00e9s Ausztr\u00e1lia is r\u00e9szt vett, kulcsfontoss\u00e1g\u00fa volt a region\u00e1lis stabilit\u00e1s helyre\u00e1ll\u00edt\u00e1s\u00e1ban.<\/p>\n<p>Snyder Rini minisztereln\u00f6ki kinevez\u00e9s\u00e9t k\u00f6vet\u0151en Honiara 2006-ban \u00fajabb felfordul\u00e1st \u00e9lt \u00e1t. Zavarg\u00e1sok t\u00f6rtek ki, a k\u00ednai negyed egyes r\u00e9szeit lerombolt\u00e1k, \u00e9s mintegy 1000 k\u00ednai lakos v\u00e1lt hajl\u00e9ktalann\u00e1. A turizmus a v\u00e1ros \u00e9s a szigetek egyik f\u0151 \u00e1gazata, ez\u00e9rt ezek az esem\u00e9nyek nagy hat\u00e1ssal voltak r\u00e1.<\/p>\n<p>A Salamon-szigetek korm\u00e1nyzati \u00e9p\u00fcleteinek \u00e9s int\u00e9zm\u00e9nyeinek t\u00f6bbs\u00e9ge Honiar\u00e1ban tal\u00e1lhat\u00f3. A Nemzeti Parlament, a Salamon-szigeteki Fels\u0151oktat\u00e1si F\u0151iskola \u00e9s a D\u00e9l-Csendes-\u00f3ce\u00e1ni Egyetem Salamon-szigeteki kampusza is a v\u00e1rosban tal\u00e1lhat\u00f3. Fontos kultur\u00e1lis \u00e9s kereskedelmi l\u00e1tv\u00e1nyoss\u00e1gok m\u00e9g a nemzeti m\u00fazeum \u00e9s a ny\u00fczsg\u0151 Honiara piac.<\/p>\n<p>Kelet-Honiara, K\u00f6z\u00e9p-Honiara \u00e9s Nyugat-Honiara h\u00e1rom parlamenti hely Honiara h\u00e1rom parlamenti v\u00e1laszt\u00f3ker\u00fclettel rendelkezik: Az orsz\u00e1g hat, t\u00f6bb mint 10 000 f\u0151s v\u00e1laszt\u00f3ker\u00fclet\u00e9vel rendelkez\u0151 helyei k\u00f6z\u00fcl ezek a helyek t\u00fckr\u00f6zik a v\u00e1ros politikai jelent\u0151s\u00e9g\u00e9t.<\/p>\n<p>B\u00e1r sz\u00e1mos m\u00e1s vall\u00e1s is k\u00e9pviselteti mag\u00e1t a v\u00e1rosban, Honiara vall\u00e1si k\u00f6rnyezete l\u00e9nyeg\u00e9ben kereszt\u00e9ny. A v\u00e1rosban tal\u00e1lhat\u00f3 t\u00f6bbek k\u00f6z\u00f6tt a Honiarai R\u00f3mai Katolikus F\u0151egyh\u00e1zmegye, a D\u00e9li-tengeri Evang\u00e9likus Egyh\u00e1z, az Egyes\u00fclt Egyh\u00e1z, a Melan\u00e9ziai Tartom\u00e1ny Egyh\u00e1za (anglik\u00e1n) \u00e9s a Hetednapi Adventista Egyh\u00e1z sz\u00e9khelye. Ez a soksz\u00edn\u0171s\u00e9g t\u00fckr\u00f6zi a Salamon-szigetek t\u00e1gabb kultur\u00e1lis sz\u00f6vet\u00e9t, amely \u00f6tv\u00f6zi a modern \u00e9s a hagyom\u00e1nyos aspektusokat.<\/p>","protected":false},"excerpt":{"rendered":"<p>Honiara, a Salamon-szigetek ny\u00fczsg\u0151 f\u0151v\u00e1rosa Guadalcanal \u00e9szaki partj\u00e1n tal\u00e1lhat\u00f3. A Salamon-szigetek f\u0151v\u00e1rosa, Honiara, gazdag m\u00faltj\u00e1r\u00f3l \u00e9s v\u00e1ltozatos kult\u00far\u00e1j\u00e1r\u00f3l ismert. A lakoss\u00e1g sz\u00e1ma jelenleg 92 344 f\u0151. Ez a pezsg\u0151 v\u00e1ros a t\u00f6rt\u00e9nelmi \u00e9rt\u00e9k \u00e9s a modern terjeszked\u00e9s egyed\u00fcl\u00e1ll\u00f3 kever\u00e9ke.<\/p>","protected":false},"author":1,"featured_media":3238,"parent":9773,"menu_order":0,"comment_status":"closed","ping_status":"closed","template":"elementor_theme","meta":{"_eb_attr":"","footnotes":""},"class_list":["post-9779","page","type-page","status-publish","has-post-thumbnail"],"_links":{"self":[{"href":"https:\/\/travelshelper.com\/hu\/wp-json\/wp\/v2\/pages\/9779","targetHints":{"allow":["GET"]}}],"collection":[{"href":"https:\/\/travelshelper.com\/hu\/wp-json\/wp\/v2\/pages"}],"about":[{"href":"https:\/\/travelshelper.com\/hu\/wp-json\/wp\/v2\/types\/page"}],"author":[{"embeddable":true,"href":"https:\/\/travelshelper.com\/hu\/wp-json\/wp\/v2\/users\/1"}],"replies":[{"embeddable":true,"href":"https:\/\/travelshelper.com\/hu\/wp-json\/wp\/v2\/comments?post=9779"}],"version-history":[{"count":0,"href":"https:\/\/travelshelper.com\/hu\/wp-json\/wp\/v2\/pages\/9779\/revisions"}],"up":[{"embeddable":true,"href":"https:\/\/travelshelper.com\/hu\/wp-json\/wp\/v2\/pages\/9773"}],"wp:featuredmedia":[{"embeddable":true,"href":"https:\/\/travelshelper.com\/hu\/wp-json\/wp\/v2\/media\/3238"}],"wp:attachment":[{"href":"https:\/\/travelshelper.com\/hu\/wp-json\/wp\/v2\/media?parent=9779"}],"curies":[{"name":"wp","href":"https:\/\/api.w.org\/{rel}","templated":true}]}}

<p>Honiara, a Salamon-szigetek nyüzsgő fővárosa Guadalcanal északi partján található. A Salamon-szigetek fővárosa, Honiara, gazdag múltjáról és változatos kultúrájáról ismert. A lakosság száma jelenleg 92 344 fő. Ez a pezsgő város a történelmi érték és a modern terjeszkedés egyedülálló keveréke.</p>
<p>A Kukum autópálya mentén stratégiai helyen fekvő Honiara könnyen megközelíthető repülővel és hajóval. A Honiara Nemzetközi Repülőtér és a Point Cruz tengeri kikötő fontos belföldi és nemzetközi közlekedési csomópontjai, amelyek lehetővé teszik az emberek és az áruk áramlását. A város, amely 1983-ban fővárosi rangot kapott, 22 négyzetkilométeres nagyvárosi területtel büszkélkedhet. Ma Honiara Guadalcanal tartomány fővárosa, és tartományi autonómiával rendelkezik.</p>
<p>A jelentős történelmi események – különösen a második világháború – visszafordíthatatlanul formálták Honiara történelmét. A guadalcanali hadjárat, különösen az 1942-es hendersoni csata során a város keleti repülőtere létfontosságú helyszín volt. Amerikai és japán csapatok is részt vettek ebben a küzdelemben, az előbbi győzött. Ez a győzelem fordulópontként szolgált, amely végül a szövetségesek győzelméhez vezetett, és kulcsfontosságú volt a háború csendes-óceáni térségében.</p>
<p>A háború után Honiara szerepe megváltozott, amikor 1952-ben a Brit Salamon-szigetek Protektorátusának új közigazgatási székhelye lett. Számos kormányzati épület építése aláhúzta ezt a változást, és felgyorsította a népességnövekedést és az önkormányzati fejlődést.</p>
<p>Honiara a terjeszkedése ellenére számos kihívással nézett szembe, beleértve a politikai nyugtalanságot és az etnikai erőszakot. A 2000-es évek eleje és az 1990-es évek vége némileg viharos volt. A malaita etnikaiakat és a guadalcanali lakosokat felváltva képviselő Malaita Eagle Force (MEF) és Isatabu Freedom Movement (IFM) halálos csatákat vívott a 2000. júniusi puccskísérletet követően. Bár 2000 októberében békemegállapodás született, 2002 márciusában újabb erőszak tört ki, két új-zélandi diplomata és sok más személy halálát okozva.</p>
<p>A helyzet 2003 júliusára sokkal rosszabbra fordult, ezért a Salamon-szigetek kormánya felkérte a Salamon-szigeteki Regionális Segítségnyújtó Missziót (RAMSI), hogy segítsen a béke helyreállításában. Ez a misszió, amelyben számos csendes-óceáni ország és Ausztrália is részt vett, kulcsfontosságú volt a regionális stabilitás helyreállításában.</p>
<p>Snyder Rini miniszterelnöki kinevezését követően Honiara 2006-ban újabb felfordulást élt át. Zavargások törtek ki, a kínai negyed egyes részeit lerombolták, és mintegy 1000 kínai lakos vált hajléktalanná. A turizmus a város és a szigetek egyik fő ágazata, ezért ezek az események nagy hatással voltak rá.</p>
<p>A Salamon-szigetek kormányzati épületeinek és intézményeinek többsége Honiarában található. A Nemzeti Parlament, a Salamon-szigeteki Felsőoktatási Főiskola és a Dél-Csendes-óceáni Egyetem Salamon-szigeteki kampusza is a városban található. Fontos kulturális és kereskedelmi látványosságok még a nemzeti múzeum és a nyüzsgő Honiara piac.</p>
<p>Kelet-Honiara, Közép-Honiara és Nyugat-Honiara három parlamenti hely Honiara három parlamenti választókerülettel rendelkezik: Az ország hat, több mint 10 000 fős választókerületével rendelkező helyei közül ezek a helyek tükrözik a város politikai jelentőségét.</p>
<p>Bár számos más vallás is képviselteti magát a városban, Honiara vallási környezete lényegében keresztény. A városban található többek között a Honiarai Római Katolikus Főegyházmegye, a Déli-tengeri Evangélikus Egyház, az Egyesült Egyház, a Melanéziai Tartomány Egyháza (anglikán) és a Hetednapi Adventista Egyház székhelye. Ez a sokszínűség tükrözi a Salamon-szigetek tágabb kulturális szövetét, amely ötvözi a modern és a hagyományos aspektusokat.</p>

<p>Honiara, a Salamon-szigetek nyüzsgő fővárosa Guadalcanal északi partján található. A Salamon-szigetek fővárosa, Honiara, gazdag múltjáról és változatos kultúrájáról ismert. A lakosság száma jelenleg 92 344 fő. Ez a pezsgő város a történelmi érték és a modern terjeszkedés egyedülálló keveréke.</p>
